ivisor of 1 and h?
1
Suppose 0*o + 4*o = 0. Let f be 20*(o - (-9)/12). Suppose -5*n + f = 0, 63 = 4*v - 5*n + 14. What is the greatest common factor of 24 and v?
8
Let c be -7 + 1 + -3 + 0. Let k be (2/(-3))/((-6)/c). Let r be (-1 - 0)*12/k. Calculate the highest common divisor of r and 36.
12
Let l(r) = r**3 + 3*r**2 - r - 3. Let q be l(-3). Suppose q - 30 = -2*u. Calculate the greatest common factor of 10 and u.
5
Suppose -i - 2*i = -9. Suppose -i*f + 99 = 3*t, 3*t = -5*f - 0*t + 169. What is the greatest common divisor of 5 and f?
5
Suppose 0 = -x + 2*x + 4*u - 557, x - 4*u - 573 = 0. Suppose -5*f + 155 = -x. What is the highest common factor of 16 and f?
16
Let m(b) = -b**3 + 6*b**2 - 8*b + 5. Let q be m(3). Calculate the greatest common divisor of q and 20.
4
Suppose -5 = -0*w - w. Suppose y + 80 = w*y. Let j = 16 + -11. Calculate the highest common divisor of y and j.
5
Suppose -3*p + 0*p + 6 = 0. Suppose -o + 3*x + 2 + 4 = 0, 3*x - 12 = -p*o. Calculate the highest common divisor of 1 and o.
1
Let a(w) = -3*w + w**2 + 6*w + 1 + w. Let d be a(-5). Let k be 2706/15 + d/(-15). Calculate the greatest common divisor of k and 20.
20
Suppose -30 = -5*p - u, 4*p - 8 = -u + 17. What is the highest common divisor of 25 and p?
5
Suppose n = 4*x - 166, -5*n + 3*x - 866 = x. Let p = -86 - n. What is the highest common divisor of p and 8?
8
Suppose 4*i - 34 - 74 = 0. Let t = i - -7. Let a = -41 - -126. What is the greatest common factor of t and a?
17
Suppose -7 + 27 = w. Let y = w - 3. Calculate the highest common divisor of y and 51.
17
Suppose 0 = -5*f + 19 - 4. Suppose -2*r - 5*m = -26 - 7, 2*r = -f*m + 27. Let z be (-263)/(-3) - (-3)/r. What is the greatest common factor of z and 8?
8
Let s = 21 - 7. Calculate the greatest common divisor of s and 112.
14
Suppose i - 960 = -7*i. What is the greatest common factor of 48 and i?
24
Suppose 2*f + 8 - 20 = 0. Calculate the highest common factor of f and 78.
6
Let g be (-2)/(-8) - (-4 + (-246)/8). Calculate the greatest common divisor of 105 and g.
35
Let d be (5 - 1) + (-2)/1. Calculate the highest common divisor of 1 and d.
1
Let x be (-2 - (-1)/3)*-6. Let a = 106 - 104. Calculate the highest common factor of x and a.
2
Let r be (66/(-15))/(2/(-40)). What is the greatest common divisor of r and 22?
22
Suppose -18 = -0*j - 3*j. What is the highest common divisor of j and 9?
3
Suppose -2*h + 2 = -54. Calculate the highest common divisor of h and 4.
4
Let r(u) = 131*u - 1. Let k be r(1). Calculate the greatest common factor of 26 and k.
26
Let o(k) = k**3 - k**2 - k - 3. Let p be o(0). Let b(s) = -s**3 + s - 3. Let c be b(p). Calculate the highest common divisor of 21 and c.
21
Let s be (6/8)/((-1)/4). Let l = s + 17. What is the highest common divisor of l and 126?
14
Suppose 4*j = -j. Suppose j*m - l + 22 = 5*m, -m = -4*l + 4. Let i = 43 - m. Calculate the highest common divisor of i and 26.
13
Let v be 18/((-32)/(-14) + -2). Suppose 0 = -6*h + 49 + 5. Calculate the greatest common divisor of v and h.
9
Let i be 18 - 5 - 4/(-2). Let z(y) = -y**3 + 13*y**2 - 11*y + 14. Let k be z(11). Calculate the greatest common divisor of i and k.
15
Suppose 1 = 3*s - 20. Let y(n) = -4*n - 3. Let r be y(-6). What is the highest common divisor of r and s?
7
Let z = 31 + 23. Suppose c = -3*c + 20. Suppose 154 = 5*a + c*i - 36, -3*a - i + 110 = 0. What is the greatest common factor of a and z?
18
Let h be 4 + 1 + 0 - -2. Suppose -3*i - 12 = -4*q - 3, -q - 4*i = -h. Suppose q*w = 4*w - 48. What is the greatest common factor of 6 and w?
6
Let y be 37 - (-3)/(3/(-1)). Let s = -20 + y. Let k = 24 - s. What is the highest common divisor of 2 and k?
2
Let q = 33 + -5. Let o = q + -13. Let z(a) = 3*a**3 - 5*a**2 - 3*a + 5. Let h be z(4). What is the highest common divisor of o and h?
15
Let d(v) be the third derivative of v**6/40 - v**5/12 - v**4/8 + 2*v**3/3 - 2*v**2. Let o be d(4). Calculate the highest common factor of 13 and o.
13
Let r be 40/(-18) - (-4)/18. Let n be 0 + 0 + (-296)/r. Let h = n - 103. What is the highest common factor of h and 9?
9
Suppose -2*f + 49 - 11 = 0. Calculate the greatest common divisor of 95 and f.
19
Let z = 11 - 10. Calculate the highest common factor of 11 and z.
1
Suppose -h + 255 = 3*t, -81 = -0*t - t + h. Let i be (-6)/(-21) + 164/14. What is the greatest common factor of t and i?
12
Let c be (2 + -1)*(19 - 8). Calculate the greatest common factor of 44 and c.
11
Let s = -17 - -28. Let j(y) = 2*y**3 + 6*y**2 - 8*y - 6*y**3 + 3*y**3 + 4 + 2*y**3. Let t be j(-7). What is the highest common divisor of t and s?
11
Suppose -2 - 10 = -y. What is the highest common divisor of y and 120?
12
Let s(w) = -w - 1. Let p be s(-3). Let d = 34 - 21. Suppose c - d = -3*t, 0*c = -p*c + t + 12. What is the highest common factor of 56 and c?
7
Let t be (-88)/(-10) - (-10)/50. Suppose 3*a - 2*a = 18. Calculate the greatest common divisor of t and a.
9
Let k(b) = -37*b - 8. Let a be k(6). Let w be (-2 + (-12)/(-10))*a. What is the greatest common factor of w and 23?
23
Suppose 4*i + 4*l - 5*l = 9, -i - 4*l = 2. Let h be (-2)/2 + (1 - i). Let u be (-2)/(-4) + (-5)/h. Calculate the highest common divisor of 27 and u.
3
Suppose -k + 6*k = 10. Let h be k/(2 + 83/(-42)). Let x = 139 - h. What is the greatest common factor of x and 11?
11
Let x = 14 + -9. Suppose -2*f + 3*z = -57, f + x*z - 18 = 30. Suppose 0 = -2*w + 3*w - f. Calculate the highest common factor of 3 and w.
3
Let q(t) = -t**2 + 6*t + 7. Let n be q(7). Suppose n*z - 34 = -4*d + z, -z = 2. What is the highest common factor of d and 88?
8
Let t be -5*(23/(-5) + 4). Let f(b) = -b**2 + 4*b - 2. Let j be f(t). Suppose -3*n + 4 - 1 = 0. Calculate the highest common divisor of j and n.
1
Suppose -5*j = 2*z - 375, -5*j + 516 - 141 = 4*z. Calculate the greatest common divisor of 25 and j.
25
Let c = 55 - 35. Let s(g) = -g + 14. Let m be s(9). Calculate the highest common factor of c and m.
5
Suppose 0 = 2*y - 10 + 2. Let w be (y - 3) + 1 + 2. Suppose p = -w*r - 0*p + 357, -4*r + 3*p = -337. What is the highest common factor of r and 8?
8
Let y(p) = -2*p. Let a be y(-15). What is the highest common factor of 6 and a?
6
Suppose -3*o - c = -2*c - 80, 0 = c + 2. What is the highest common divisor of 104 and o?
26
Let f(r) = 17*r**2 - 2. Let n be f(2). Suppose x + 3 = -11. Let l = x + 25. What is the highest common factor of l and n?
11
Let i(l) = -13*l - 1. Let v be i(-3). Calculate the highest common factor of 190 and v.
38
Let j(n) = -n + 24. Let w be j(11). What is the greatest common divisor of w and 117?
13
Suppose 3*b = 5*b - 32. Suppose 3*r + 6 = -0*r, -4*r = 5*v - 112. Calculate the highest common divisor of v and b.
8
Let o be (0 - 0)*(0 + -1). Suppose o = 2*r - r - 48. Suppose 65 = 4*y - 63. Calculate the highest common factor of y and r.
16
Suppose 4*y - 48 = y. Let m = -89 - -121. What is the greatest common factor of m and y?
16
Let d = 2 + -2. Suppose d*w + w - 92 = 0. Let v = w - 47. Calculate the highest common divisor of v and 18.
9
Let v be (-21 + 6)*2/(-5). Let u = v - 0. Suppose 1 = -l + c, 5*c = -2*l + u*c + 3. Calculate the greatest common factor of l and 28.
4
Suppose 2*m - 40 = -3*m. Let c(i) = i - 8. Let u be c(9). What is the highest common divisor of u and m?
1
Suppose 3*y - 8 + 2 = 0. Let b(x) = 4*x**2 - 1. Let c be b(-2). Let z be 1/(1/(c + 3)). Calculate the highest common factor of y and z.
2
Suppose -6*b + 5*u = -2*b + 12, 4*b = 4*u - 8. Suppose 5*l + b = 202. What is the highest common factor of l and 16?
8
Suppose 0 = -2*r - 2*z + 58, -4*z = -6*r + 2*r + 84. What is the greatest common factor of 5 and r?
5
Let l = 7 + 26. Let a = -178 + 189. Calculate the highest common divisor of a and l.
11
Let x = 15 - -12. Let u = -102 - -111. Calculate the highest common divisor of x and u.
9
Let h = -17 - -32. Calculate the highest common divisor of h and 5.
5
Let b(x) = -x + 5. Let h be b(-5). Suppose -2*l = -28 - h. What is the greatest common factor of l and 152?
19
Let t be (-17 + 8)*(-5)/3. What is the greatest common divisor of t and 60?
15
Let a be (-6)/(-3) - (-16 + 1). Suppose -5*q - 2 = -a. Suppose 3*p - 2*p = -q, -u = -2*p - 17. Calculate the highest common factor of 11 and u.
11
Suppose 2*w - 12 = 2. Suppose 3*o = -2*f - 1 